{"id":2,"date":"2025-08-03T10:35:42","date_gmt":"2025-08-03T10:35:42","guid":{"rendered":"https:\/\/psychotherapie-luebeck.info\/?page_id=2"},"modified":"2025-08-03T22:31:20","modified_gmt":"2025-08-03T20:31:20","slug":"sample-page","status":"publish","type":"page","link":"https:\/\/psychotherapie-luebeck.info\/","title":{"rendered":""},"content":{"rendered":"\n<div class=\"wp-block-group alignwide is-nowrap is-layout-flex wp-container-core-group-is-layout-6c531013 wp-block-group-is-layout-flex\">\n<div class=\"wp-block-group is-layout-flow wp-block-group-is-layout-flow\">\n<p style=\"font-size:clamp(0.875rem, 0.875rem + ((1vw - 0.2rem) * 0.303), 1rem);\">Ein Gro\u00dfteil unserer Gef\u00fchle, Gedanken und Erinnerungen, ist unbewusst, \u00e4hnlich wie ein Eisberg, von dem nur die Spitze sichtbar ist.<br>Tiefenpsychologie geht davon aus, dass ungel\u00f6ste Konflikte und Erfahrungen aus der Vergangenheit, insbesondere der Kindheit, unser heutiges Verhalten und unsere psychischen Probleme beeinflussen k\u00f6nnen.&nbsp;<\/p>\n\n\n\n<p style=\"font-size:clamp(0.875rem, 0.875rem + ((1vw - 0.2rem) * 0.303), 1rem);\">Durch die Aufdeckung und Bearbeitung dieser unbewussten Konflikte soll eine langfristige Ver\u00e4nderung und Heilung erm\u00f6glicht werden.<\/p>\n\n\n\n<p style=\"font-size:clamp(0.875rem, 0.875rem + ((1vw - 0.2rem) * 0.303), 1rem);\">Die Beziehung zwischen Patient und Therapeutin spielt eine wichtige Rolle, da die Therapeutin dem Patienten hilft, sich mit seinen Gef\u00fchlen und unbewussten Prozessen auseinanderzusetzen.<\/p>\n\n\n\n<p style=\"font-size:clamp(0.875rem, 0.875rem + ((1vw - 0.2rem) * 0.303), 1rem);\">Ziel ist nicht nur das Verstehen dieser unbewussten Prozesse, sondern auch eine Ver\u00e4nderung des Erlebens und Verhaltens, um psychische Beschwerden zu \u00fcberwinden.<\/p>\n\n\n\n<p style=\"font-size:clamp(0.875rem, 0.875rem + ((1vw - 0.2rem) * 0.303), 1rem);\">Nach meinem Studium der Psychologie an der Universit\u00e4t Regensburg von 2017-2022 begann ich die Ausbildung zur psychologischen Psychotherapeutin im M\u00e4rz 2022 am ZAP L\u00fcbeck im tiefenpsychologisch fundierten Verfahren. In diesem Rahmen biete ich unter regelm\u00e4\u00dfiger Supervision stehende, von den GKV finanzierte, psychotherapeutische Behandlungen an.<\/p>\n<\/div>\n\n\n\n<figure class=\"wp-block-image size-large\"><img loading=\"lazy\" decoding=\"async\" width=\"626\" height=\"1024\" src=\"https:\/\/psychotherapie-luebeck.info\/wp-content\/uploads\/2025\/08\/20250801_193841-626x1024.jpg\" alt=\"\" class=\"wp-image-28\" style=\"object-fit:cover\" srcset=\"https:\/\/psychotherapie-luebeck.info\/wp-content\/uploads\/2025\/08\/20250801_193841-626x1024.jpg 626w, https:\/\/psychotherapie-luebeck.info\/wp-content\/uploads\/2025\/08\/20250801_193841-183x300.jpg 183w, https:\/\/psychotherapie-luebeck.info\/wp-content\/uploads\/2025\/08\/20250801_193841-768x1256.jpg 768w, https:\/\/psychotherapie-luebeck.info\/wp-content\/uploads\/2025\/08\/20250801_193841-939x1536.jpg 939w, https:\/\/psychotherapie-luebeck.info\/wp-content\/uploads\/2025\/08\/20250801_193841-1252x2048.jpg 1252w, https:\/\/psychotherapie-luebeck.info\/wp-content\/uploads\/2025\/08\/20250801_193841.jpg 1429w\" sizes=\"auto, (max-width: 626px) 100vw, 626px\" \/><\/figure>\n<\/div>\n\n\n\n<hr class=\"wp-block-separator has-alpha-channel-opacity\" style=\"margin-top:var(--wp--preset--spacing--40);margin-bottom:var(--wp--preset--spacing--40)\"\/>\n\n\n\n<div class=\"wp-block-group alignwide is-content-justification-right is-nowrap is-layout-flex wp-container-core-group-is-layout-17124a9a wp-block-group-is-layout-flex\">\n<p><\/p>\n\n\n\n<div class=\"wp-block-columns is-layout-flex wp-container-core-columns-is-layout-28f84493 wp-block-columns-is-layout-flex\">\n<div class=\"wp-block-column is-layout-flow wp-block-column-is-layout-flow\" style=\"flex-basis:66.66%\"><\/div>\n\n\n\n<div class=\"wp-block-column is-layout-flow wp-block-column-is-layout-flow\" style=\"flex-basis:33.33%\"><\/div>\n<\/div>\n\n\n\n<p class=\"has-text-align-right has-medium-font-size\">Klin. Psych. M.Sc. Annika Paulsen<br>Lehrinstitut ZAP Nord<br>Fackenburger Allee 1<br>23554 L\u00fcbeck<br><strong>Kontakt: <a href=\"mailto:paulsen@psychotherapie-luebeck.info\">paulsen@psychotherapie-luebeck.info<\/a><\/strong><\/p>\n<\/div>\n","protected":false},"excerpt":{"rendered":"<p>Ein Gro\u00dfteil unserer Gef\u00fchle, Gedanken und Erinnerungen, ist unbewusst, \u00e4hnlich wie ein Eisberg, von dem nur die Spitze sichtbar ist.Tiefenpsychologie geht davon aus, dass ungel\u00f6ste Konflikte und Erfahrungen aus der Vergangenheit, insbesondere der Kindheit, unser heutiges Verhalten und unsere psychischen Probleme beeinflussen k\u00f6nnen.&nbsp; Durch die Aufdeckung und Bearbeitung dieser unbewussten Konflikte soll eine langfristige Ver\u00e4nderung [&hellip;]<\/p>\n","protected":false},"author":1,"featured_media":0,"parent":0,"menu_order":0,"comment_status":"closed","ping_status":"open","template":"","meta":{"footnotes":""},"class_list":["post-2","page","type-page","status-publish","hentry"],"_links":{"self":[{"href":"https:\/\/psychotherapie-luebeck.info\/index.php?rest_route=\/wp\/v2\/pages\/2","targetHints":{"allow":["GET"]}}],"collection":[{"href":"https:\/\/psychotherapie-luebeck.info\/index.php?rest_route=\/wp\/v2\/pages"}],"about":[{"href":"https:\/\/psychotherapie-luebeck.info\/index.php?rest_route=\/wp\/v2\/types\/page"}],"author":[{"embeddable":true,"href":"https:\/\/psychotherapie-luebeck.info\/index.php?rest_route=\/wp\/v2\/users\/1"}],"replies":[{"embeddable":true,"href":"https:\/\/psychotherapie-luebeck.info\/index.php?rest_route=%2Fwp%2Fv2%2Fcomments&post=2"}],"version-history":[{"count":7,"href":"https:\/\/psychotherapie-luebeck.info\/index.php?rest_route=\/wp\/v2\/pages\/2\/revisions"}],"predecessor-version":[{"id":29,"href":"https:\/\/psychotherapie-luebeck.info\/index.php?rest_route=\/wp\/v2\/pages\/2\/revisions\/29"}],"wp:attachment":[{"href":"https:\/\/psychotherapie-luebeck.info\/index.php?rest_route=%2Fwp%2Fv2%2Fmedia&parent=2"}],"curies":[{"name":"wp","href":"https:\/\/api.w.org\/{rel}","templated":true}]}}